0442?
0
What is the ten thousands digit of 1237831?
3
What is the ten thousands digit of 22297?
2
What is the hundreds digit of 3453303?
3
What is the hundred thousands digit of 173613?
1
What is the hundred thousands digit of 400830?
4
What is the tens digit of 18184827?
2
What is the units digit of 33902927?
7
What is the millions digit of 4827401?
4
What is the tens digit of 1358705?
0
What is the units digit of 6193131?
1
What is the units digit of 437563?
3
What is the ten thousands digit of 1307255?
0
What is the units digit of 6783303?
3
What is the hundred thousands digit of 4150309?
1
What is the millions digit of 8960907?
8
What is the ten thousands digit of 67060?
6
What is the tens digit of 17710458?
5
What is the tens digit of 15016173?
7
What is the hundred thousands digit of 261682?
2
What is the ten thousands digit of 11125960?
2
What is the hundred thousands digit of 417935?
4
What is the thousands digit of 119289?
9
What is the thousands digit of 235571?
5
What is the hundreds digit of 289734?
7
What is the ten thousands digit of 13443565?
4
What is the units digit of 166485?
5
What is the units digit of 401797?
7
What is the ten thousands digit of 381783?
8
What is the hundred thousands digit of 1645834?
6
What is the hundred thousands digit of 195427?
1
What is the tens digit of 671511?
1
What is the ten thousands digit of 2292870?
9
What is the tens digit of 14727?
2
What is the ten millions digit of 11817461?
1
What is the thousands digit of 23613709?
3
What is the hundred thousands digit of 100725?
1
What is the tens digit of 3672474?
7
What is the hundreds digit of 11748842?
8
What is the hundred thousands digit of 6868198?
8
What is the thousands digit of 1519551?
9
What is the tens digit of 3804953?
5
What is the hundred thousands digit of 227977?
2
What is the ten thousands digit of 1593435?
9
What is the hundreds digit of 276991?
9
What is the hundreds digit of 834582?
5
What is the thousands digit of 927561?
7
What is the hundred thousands digit of 30564367?
5
What is the millions digit of 31768294?
1
What is the units digit of 2586070?
0
What is the hundreds digit of 260911?
9
What is the thousands digit of 60738?
0
What is the units digit of 583817?
7
What is the ten thousands digit of 6647265?
4
What is the thousands digit of 1373184?
3
What is the hundred thousands digit of 5427211?
4
What is the hundreds digit of 260819?
8
What is the hundred thousands digit of 5042125?
0
What is the thousands digit of 45428?
5
What is the thousands digit of 7614?
7
What is the hundred thousands digit of 246326?
2
What is the hundreds digit of 13279379?
3
What is the tens digit of 1219794?
9
What is the hundreds digit of 748299?
2
What is the units digit of 22871?
1
What is the units digit of 333346?
6
What is the ten thousands digit of 288925?
8
What is the hundreds digit of 14811610?
6
What is the hundred thousands digit of 1689868?
6
What is the tens digit of 416085?
8
What is the hundred thousands digit of 5303297?
3
What is the units digit of 532726?
6
What is the ten thousands digit of 637695?
3
What is the thousands digit of 53823?
3
What is the ten thousands digit of 1384786?
8
What is the hundreds digit of 11113947?
9
What is the ten thousands digit of 11691957?
9
What is the hundred thousands digit of 378904?
3
What is the tens digit of 24005531?
3
What is the thousands digit of 8773538?
3
What is the hundreds digit of 264045?
0
What is the millions digit of 11279251?
1
What is the millions digit of 1553451?
1
What is the ten thousands digit of 2659854?
5
What is the ten thousands digit of 19679866?
7
What is the millions digit of 7198078?
7
What is the hundreds digit of 82086?
0
What is the ten thousands digit of 308662?
0
What is the units digit of 290360?
0
What is the tens digit of 139543?
4
What is the hundred thousands digit of 1633894?
6
What is the tens digit of 1646163?
6
What is the hundred thousands digit of 7263034?
2
What is the hundred thousands digit of 2969682?
9
What is the thousands digit of 164856?
4
What is the hundreds digit of 6604773?
7
What is the thousands digit of 181650?
1
What is the hundreds digit of 1293097?
0
What is the tens digit of 21847?
4
What is the thousands digit of 4576515?
6
What is the tens digit of 6588685?
8
What is the units digit of 28573855?
5
What is the hundred thousands digit of 1649876?
6
What is the tens digit of 193394?
9
What is the thousands digit of 277007?
7
What is the ten thousands digit of 14654264?
5
What is the thousands digit of 424657?
4
What is the thousands digit of 465236?
5
What is the tens digit of 481703?
0
What is the millions digit of 1584614?
1
What is the ten thousands digit of 20334283?
3
What is the thousands digit of 5535349?
5
What is the units digit of 6043858?
8
What is the hundreds digit of 769989?
9
What is the tens digit of 4042841?
4
What is the tens digit of 199168?
6
What is the units digit of 18758339?
9
What is the units digit of 13361766?
6
What is the hundred thousands digit of 868538?
8
What is the thousands digit of 435681?
5
What is the ten thousands digit of 167854?
6
What is the hundreds digit of 257199?
1
What is the tens digit of 852883?
8
What is the ten millions digit of 12395507?
1
What is the tens digit of 19581?
8
What is the hundreds digit of 1905292?
2
What is the thousands digit of 299959?
9
What is the hundred thousands digit of 149450?
1
What is the hundreds digit of 2440672?
6
What is the hundreds digit of 2117850?
8
What is the ten thousands digit of 863627?
6
What is the ten millions digit of 17595589?
1
What is the ten thousands digit of 674078?
7
What is the millions digit of 2593370?
2
What is the ten thousands digit of 1043288?
4
What is the hundred thousands digit of 148685?
1
What is the units digit of 953090?
0
What is the hundreds digit of 3182614?
6
What is the ten thousands digit of 3654513?
5
What is the millions digit of 8676210?
8
What is the ten thousands digit of 267738?
6
What is the hundreds digit of 98871?
8
What is the hundred thousands digit of 7803938?
8
What is the hundred thousands digit of 282435?
2
What is the hundreds digit of 209715?
7
What is the thousands digit of 202165?
2
What is the tens digit of 125176?
7
What is the hundreds digit of 169556?
5
What is the tens digit of 784643?
4
What is the units digit of 326655?
5
What is the hundred thousands digit of 291384?
2
What is the thousands digit of 111495?
1
What is the units digit of 30138?
8
What is the tens digit of 749270?
7
What is the ten thousands digit of 3380623?
8
What is the ten thousands digit of 14368?
1
What is the units digit of 221636?
6
What is the ten thousands digit of 410535?
1
What is the units digit of 3235059?
9
What is the ten thousands digit of 525555?
2
What is the hundreds digit of 192459?
4
What is the thousands digit of 11098363?
8
What is the ten thousands digit of 43990284?
9
What is the tens digit of 204071?
7
What is the ten thousands digit of 2873599?
7
What is the hundreds digit of 27169?
1
What is the units digit of 74681?
1
What is the units digit of 975761?
1
What is the thousands digit of 4639578?
9
What is the ten thousands digit of 468610?
6
What is the thousands digit of 191160?
1
What is the hundred thousands digit of 642862?
6
What is the units digit of 905961?
1
What is the thousands digit of 425101?
5
What is the ten thousands digit of 1884607?
8
What is the thousands digit of 1373375?
3
What is the hundreds digit of 364441?
4
What is the hundred thousands digit of 721452?
7
What is the tens digit of 994706?
0
What is the tens digit of 845366?
6
What is the units digit of 35673861?
1
What is the tens digit of 19253415?
1
What is the ten thousands digit of 5908175?
0
What is the tens digit of 215071?
7
What is the ten thousands digit of 873205?
7
What is the units digit of 191175?
5
What is the tens digit of 631982?
8
What is the tens digit of 2810737?
3
What is the millions digit of 18068913?
8
What is the ten thousands digit of 272951?
7
What is the units digit of 43254?
4
What is the ten thousands digit of 5306814?
0
What is the ten thousands digit of 226247?
2
What is the hundreds digit of 66887?
8
What is the ten thousands digit of 356212?
5
What is the ten thousands digit of 